{"id":79,"date":"2021-07-22T22:06:55","date_gmt":"2021-07-22T20:06:55","guid":{"rendered":"https:\/\/usta.bf\/?page_id=79"},"modified":"2025-07-18T13:30:53","modified_gmt":"2025-07-18T13:30:53","slug":"linstitut-superieur-des-metiers-du-tertiaire","status":"publish","type":"page","link":"https:\/\/usta.bf\/?page_id=79","title":{"rendered":"L\u2019Institut sup\u00e9rieur des m\u00e9tiers du tertiaire"},"content":{"rendered":"\r\n<p><strong>Mission et objectifs<\/strong><\/p>\r\n\r\n\r\n\r\n<p>L\u2019Institut sup\u00e9rieur des m\u00e9tiers du tertiaire (ISMT) a ouvert ses portes en octobre 2004.<\/p>\r\n\r\n\r\n\r\n<p>Il a pour vocation fondamentale la formation des cadres moyens et sup\u00e9rieurs dans les m\u00e9tiers du tertiaire pour les secteurs public et priv\u00e9. Il contribue en outre, \u00e0 leur formation permanente et \u00e0 leur adaptation \u00e0 l\u2019\u00e9volution scientifique, technique, \u00e9conomique et sociale.<\/p>\r\n\r\n\r\n\r\n<p>Il a pour mission de promouvoir la recherche fondamentale et appliqu\u00e9e dans les domaines qui lui sont propres.Il proc\u00e8de enfin aux travaux de recherche et de publication n\u00e9cessit\u00e9s par son objet ou qui lui sont demand\u00e9s.<\/p>\r\n\r\n\r\n\r\n<p><strong>L\u2019\u00e9quipe<\/strong><\/p>\r\n\r\n\r\n\r\n<p>La direction, les enseignants, et le personnel administratif, technique et de soutien de l\u2019institut travaillent de concert pour offrir des formations, des services et un encadrement qui favorisent la r\u00e9ussite des \u00e9tudiants.<\/p>\r\n\r\n\r\n\r\n<p><strong>Perspectives<\/strong><\/p>\r\n\r\n\r\n\r\n<p>Les activit\u00e9s pr\u00e9vues en perspective au sein de l\u2019institut sont entre autres\u00a0:<\/p>\r\n\r\n\r\n\r\n<ul class=\"wp-block-list\">\r\n<li>L\u2019enrichissement de la biblioth\u00e8que en documents propres relatifs aux disciplines enseign\u00e9es\u00a0;<\/li>\r\n<li>Le recrutement d\u2019enseignants permanents\u00a0;<\/li>\r\n<li>Le partenariat avec les entreprises pour les stages\u00a0;<\/li>\r\n<li>L\u2019accroissement de l\u2019offre de formation de niveaux licence et master\u00a0;<\/li>\r\n<li>Le renforcement de la recherche en \u00e9conomie et en gestion.<\/li>\r\n<\/ul>\r\n\r\n\r\n\r\n<p><strong>Programmes<\/strong><\/p>\r\n\r\n\r\n\r\n<p>&nbsp;<\/p>\r\n","protected":false},"excerpt":{"rendered":"<p>Mission et objectifs L\u2019Institut sup\u00e9rieur des m\u00e9tiers du tertiaire (ISMT) a ouvert ses portes en octobre 2004. Il a pour vocation fondamentale la formation des cadres moyens et sup\u00e9rieurs dans les m\u00e9tiers du tertiaire pour les secteurs public et priv\u00e9. Il contribue en outre, \u00e0 leur formation permanente et \u00e0 leur adaptation \u00e0 l\u2019\u00e9volution scientifique, [&hellip;]<\/p>\n","protected":false},"author":1,"featured_media":0,"parent":0,"menu_order":0,"comment_status":"closed","ping_status":"closed","template":"","meta":{"footnotes":""},"class_list":["post-79","page","type-page","status-publish","hentry"],"yoast_head":"<!-- This site is optimized with the Yoast SEO plugin v26.0 - https:\/\/yoast.com\/wordpress\/plugins\/seo\/ -->\n<title>L\u2019Institut sup\u00e9rieur des m\u00e9tiers du tertiaire - Universit\u00e9 Saint Thomas D&#039;Aquin<\/title>\n<meta name=\"robots\" content=\"index, follow, max-snippet:-1, max-image-preview:large, max-video-preview:-1\" \/>\n<link rel=\"canonical\" href=\"https:\/\/usta.bf\/?page_id=79\" \/>\n<meta property=\"og:locale\" content=\"fr_FR\" \/>\n<meta property=\"og:type\" content=\"article\" \/>\n<meta property=\"og:title\" content=\"L\u2019Institut sup\u00e9rieur des m\u00e9tiers du tertiaire - Universit\u00e9 Saint Thomas D&#039;Aquin\" \/>\n<meta property=\"og:description\" content=\"Mission et objectifs L\u2019Institut sup\u00e9rieur des m\u00e9tiers du tertiaire (ISMT) a ouvert ses portes en octobre 2004. Il a pour vocation fondamentale la formation des cadres moyens et sup\u00e9rieurs dans les m\u00e9tiers du tertiaire pour les secteurs public et priv\u00e9. Il contribue en outre, \u00e0 leur formation permanente et \u00e0 leur adaptation \u00e0 l\u2019\u00e9volution scientifique, [&hellip;]\" \/>\n<meta property=\"og:url\" content=\"https:\/\/usta.bf\/?page_id=79\" \/>\n<meta property=\"og:site_name\" content=\"Universit\u00e9 Saint Thomas D&#039;Aquin\" \/>\n<meta property=\"article:publisher\" content=\"https:\/\/www.facebook.com\/USTA\/\" \/>\n<meta property=\"article:modified_time\" content=\"2025-07-18T13:30:53+00:00\" \/>\n<meta name=\"twitter:card\" content=\"summary_large_image\" \/>\n<meta name=\"twitter:site\" content=\"@ustabf\" \/>\n<meta name=\"twitter:label1\" content=\"Dur\u00e9e de lecture estim\u00e9e\" \/>\n\t<meta name=\"twitter:data1\" content=\"1 minute\" \/>\n<script type=\"application\/ld+json\" class=\"yoast-schema-graph\">{\"@context\":\"https:\/\/schema.org\",\"@graph\":[{\"@type\":\"WebPage\",\"@id\":\"https:\/\/usta.bf\/?page_id=79\",\"url\":\"https:\/\/usta.bf\/?page_id=79\",\"name\":\"L\u2019Institut sup\u00e9rieur des m\u00e9tiers du tertiaire - Universit\u00e9 Saint Thomas D&#039;Aquin\",\"isPartOf\":{\"@id\":\"https:\/\/usta.bf\/#website\"},\"datePublished\":\"2021-07-22T20:06:55+00:00\",\"dateModified\":\"2025-07-18T13:30:53+00:00\",\"breadcrumb\":{\"@id\":\"https:\/\/usta.bf\/?page_id=79#breadcrumb\"},\"inLanguage\":\"fr-FR\",\"potentialAction\":[{\"@type\":\"ReadAction\",\"target\":[\"https:\/\/usta.bf\/?page_id=79\"]}]},{\"@type\":\"BreadcrumbList\",\"@id\":\"https:\/\/usta.bf\/?page_id=79#breadcrumb\",\"itemListElement\":[{\"@type\":\"ListItem\",\"position\":1,\"name\":\"Accueil\",\"item\":\"https:\/\/usta.bf\/\"},{\"@type\":\"ListItem\",\"position\":2,\"name\":\"L\u2019Institut sup\u00e9rieur des m\u00e9tiers du tertiaire\"}]},{\"@type\":\"WebSite\",\"@id\":\"https:\/\/usta.bf\/#website\",\"url\":\"https:\/\/usta.bf\/\",\"name\":\"Universit\u00e9 Saint Thomas D&#039;Aquin\",\"description\":\"Veritas - Fides- Scientia\",\"publisher\":{\"@id\":\"https:\/\/usta.bf\/#organization\"},\"potentialAction\":[{\"@type\":\"SearchAction\",\"target\":{\"@type\":\"EntryPoint\",\"urlTemplate\":\"https:\/\/usta.bf\/?s={search_term_string}\"},\"query-input\":{\"@type\":\"PropertyValueSpecification\",\"valueRequired\":true,\"valueName\":\"search_term_string\"}}],\"inLanguage\":\"fr-FR\"},{\"@type\":\"Organization\",\"@id\":\"https:\/\/usta.bf\/#organization\",\"name\":\"Universit\u00e9 Saint Thomas D&#039;Aquin\",\"url\":\"https:\/\/usta.bf\/\",\"logo\":{\"@type\":\"ImageObject\",\"inLanguage\":\"fr-FR\",\"@id\":\"https:\/\/usta.bf\/#\/schema\/logo\/image\/\",\"url\":\"https:\/\/usta.bf\/wp-content\/uploads\/2022\/07\/cropped-logo_site_web_beta2.fw_.png\",\"contentUrl\":\"https:\/\/usta.bf\/wp-content\/uploads\/2022\/07\/cropped-logo_site_web_beta2.fw_.png\",\"width\":460,\"height\":126,\"caption\":\"Universit\u00e9 Saint Thomas D&#039;Aquin  \"},\"image\":{\"@id\":\"https:\/\/usta.bf\/#\/schema\/logo\/image\/\"},\"sameAs\":[\"https:\/\/www.facebook.com\/USTA\/\",\"https:\/\/x.com\/ustabf\"]}]}<\/script>\n<!-- \/ Yoast SEO plugin. -->","yoast_head_json":{"title":"L\u2019Institut sup\u00e9rieur des m\u00e9tiers du tertiaire - Universit\u00e9 Saint Thomas D&#039;Aquin","robots":{"index":"index","follow":"follow","max-snippet":"max-snippet:-1","max-image-preview":"max-image-preview:large","max-video-preview":"max-video-preview:-1"},"canonical":"https:\/\/usta.bf\/?page_id=79","og_locale":"fr_FR","og_type":"article","og_title":"L\u2019Institut sup\u00e9rieur des m\u00e9tiers du tertiaire - Universit\u00e9 Saint Thomas D&#039;Aquin","og_description":"Mission et objectifs L\u2019Institut sup\u00e9rieur des m\u00e9tiers du tertiaire (ISMT) a ouvert ses portes en octobre 2004. Il a pour vocation fondamentale la formation des cadres moyens et sup\u00e9rieurs dans les m\u00e9tiers du tertiaire pour les secteurs public et priv\u00e9. Il contribue en outre, \u00e0 leur formation permanente et \u00e0 leur adaptation \u00e0 l\u2019\u00e9volution scientifique, [&hellip;]","og_url":"https:\/\/usta.bf\/?page_id=79","og_site_name":"Universit\u00e9 Saint Thomas D&#039;Aquin","article_publisher":"https:\/\/www.facebook.com\/USTA\/","article_modified_time":"2025-07-18T13:30:53+00:00","twitter_card":"summary_large_image","twitter_site":"@ustabf","twitter_misc":{"Dur\u00e9e de lecture estim\u00e9e":"1 minute"},"schema":{"@context":"https:\/\/schema.org","@graph":[{"@type":"WebPage","@id":"https:\/\/usta.bf\/?page_id=79","url":"https:\/\/usta.bf\/?page_id=79","name":"L\u2019Institut sup\u00e9rieur des m\u00e9tiers du tertiaire - Universit\u00e9 Saint Thomas D&#039;Aquin","isPartOf":{"@id":"https:\/\/usta.bf\/#website"},"datePublished":"2021-07-22T20:06:55+00:00","dateModified":"2025-07-18T13:30:53+00:00","breadcrumb":{"@id":"https:\/\/usta.bf\/?page_id=79#breadcrumb"},"inLanguage":"fr-FR","potentialAction":[{"@type":"ReadAction","target":["https:\/\/usta.bf\/?page_id=79"]}]},{"@type":"BreadcrumbList","@id":"https:\/\/usta.bf\/?page_id=79#breadcrumb","itemListElement":[{"@type":"ListItem","position":1,"name":"Accueil","item":"https:\/\/usta.bf\/"},{"@type":"ListItem","position":2,"name":"L\u2019Institut sup\u00e9rieur des m\u00e9tiers du tertiaire"}]},{"@type":"WebSite","@id":"https:\/\/usta.bf\/#website","url":"https:\/\/usta.bf\/","name":"Universit\u00e9 Saint Thomas D&#039;Aquin","description":"Veritas - Fides- Scientia","publisher":{"@id":"https:\/\/usta.bf\/#organization"},"potentialAction":[{"@type":"SearchAction","target":{"@type":"EntryPoint","urlTemplate":"https:\/\/usta.bf\/?s={search_term_string}"},"query-input":{"@type":"PropertyValueSpecification","valueRequired":true,"valueName":"search_term_string"}}],"inLanguage":"fr-FR"},{"@type":"Organization","@id":"https:\/\/usta.bf\/#organization","name":"Universit\u00e9 Saint Thomas D&#039;Aquin","url":"https:\/\/usta.bf\/","logo":{"@type":"ImageObject","inLanguage":"fr-FR","@id":"https:\/\/usta.bf\/#\/schema\/logo\/image\/","url":"https:\/\/usta.bf\/wp-content\/uploads\/2022\/07\/cropped-logo_site_web_beta2.fw_.png","contentUrl":"https:\/\/usta.bf\/wp-content\/uploads\/2022\/07\/cropped-logo_site_web_beta2.fw_.png","width":460,"height":126,"caption":"Universit\u00e9 Saint Thomas D&#039;Aquin  "},"image":{"@id":"https:\/\/usta.bf\/#\/schema\/logo\/image\/"},"sameAs":["https:\/\/www.facebook.com\/USTA\/","https:\/\/x.com\/ustabf"]}]}},"_links":{"self":[{"href":"https:\/\/usta.bf\/index.php?rest_route=\/wp\/v2\/pages\/79","targetHints":{"allow":["GET"]}}],"collection":[{"href":"https:\/\/usta.bf\/index.php?rest_route=\/wp\/v2\/pages"}],"about":[{"href":"https:\/\/usta.bf\/index.php?rest_route=\/wp\/v2\/types\/page"}],"author":[{"embeddable":true,"href":"https:\/\/usta.bf\/index.php?rest_route=\/wp\/v2\/users\/1"}],"replies":[{"embeddable":true,"href":"https:\/\/usta.bf\/index.php?rest_route=%2Fwp%2Fv2%2Fcomments&post=79"}],"version-history":[{"count":0,"href":"https:\/\/usta.bf\/index.php?rest_route=\/wp\/v2\/pages\/79\/revisions"}],"wp:attachment":[{"href":"https:\/\/usta.bf\/index.php?rest_route=%2Fwp%2Fv2%2Fmedia&parent=79"}],"curies":[{"name":"wp","href":"https:\/\/api.w.org\/{rel}","templated":true}]}}

L’Institut supérieur des métiers du tertiaire

<p><strong>Mission et objectifs</strong></p>



<p>L’Institut supérieur des métiers du tertiaire (ISMT) a ouvert ses portes en octobre 2004.</p>



<p>Il a pour vocation fondamentale la formation des cadres moyens et supérieurs dans les métiers du tertiaire pour les secteurs public et privé. Il contribue en outre, à leur formation permanente et à leur adaptation à l’évolution scientifique, technique, économique et sociale.</p>



<p>Il a pour mission de promouvoir la recherche fondamentale et appliquée dans les domaines qui lui sont propres.Il procède enfin aux travaux de recherche et de publication nécessités par son objet ou qui lui sont demandés.</p>



<p><strong>L’équipe</strong></p>



<p>La direction, les enseignants, et le personnel administratif, technique et de soutien de l’institut travaillent de concert pour offrir des formations, des services et un encadrement qui favorisent la réussite des étudiants.</p>



<p><strong>Perspectives</strong></p>



<p>Les activités prévues en perspective au sein de l’institut sont entre autres :</p>



<ul class="wp-block-list">
<li>L’enrichissement de la bibliothèque en documents propres relatifs aux disciplines enseignées ;</li>
<li>Le recrutement d’enseignants permanents ;</li>
<li>Le partenariat avec les entreprises pour les stages ;</li>
<li>L’accroissement de l’offre de formation de niveaux licence et master ;</li>
<li>Le renforcement de la recherche en économie et en gestion.</li>
</ul>



<p><strong>Programmes</strong></p>



<p>&nbsp;</p>

<p>Mission et objectifs L’Institut supérieur des métiers du tertiaire (ISMT) a ouvert ses portes en octobre 2004. Il a pour vocation fondamentale la formation des cadres moyens et supérieurs dans les métiers du tertiaire pour les secteurs public et privé. Il contribue en outre, à leur formation permanente et à leur adaptation à l’évolution scientifique, [&hellip;]</p>

<!-- This site is optimized with the Yoast SEO plugin v26.0 - https://yoast.com/wordpress/plugins/seo/ -->
<title>L’Institut supérieur des métiers du tertiaire - Université Saint Thomas D&#039;Aquin</title>
<meta name="robots" content="index, follow, max-snippet:-1, max-image-preview:large, max-video-preview:-1" />
<link rel="canonical" href="https://usta.bf/?page_id=79" />
<meta property="og:locale" content="fr_FR" />
<meta property="og:type" content="article" />
<meta property="og:title" content="L’Institut supérieur des métiers du tertiaire - Université Saint Thomas D&#039;Aquin" />
<meta property="og:description" content="Mission et objectifs L’Institut supérieur des métiers du tertiaire (ISMT) a ouvert ses portes en octobre 2004. Il a pour vocation fondamentale la formation des cadres moyens et supérieurs dans les métiers du tertiaire pour les secteurs public et privé. Il contribue en outre, à leur formation permanente et à leur adaptation à l’évolution scientifique, [&hellip;]" />
<meta property="og:url" content="https://usta.bf/?page_id=79" />
<meta property="og:site_name" content="Université Saint Thomas D&#039;Aquin" />
<meta property="article:publisher" content="https://www.facebook.com/USTA/" />
<meta property="article:modified_time" content="2025-07-18T13:30:53+00:00" />
<meta name="twitter:card" content="summary_large_image" />
<meta name="twitter:site" content="@ustabf" />
<meta name="twitter:label1" content="Durée de lecture estimée" />
	<meta name="twitter:data1" content="1 minute" />
<script type="application/ld+json" class="yoast-schema-graph">{"@context":"https://schema.org","@graph":[{"@type":"WebPage","@id":"https://usta.bf/?page_id=79","url":"https://usta.bf/?page_id=79","name":"L’Institut supérieur des métiers du tertiaire - Université Saint Thomas D&#039;Aquin","isPartOf":{"@id":"https://usta.bf/#website"},"datePublished":"2021-07-22T20:06:55+00:00","dateModified":"2025-07-18T13:30:53+00:00","breadcrumb":{"@id":"https://usta.bf/?page_id=79#breadcrumb"},"inLanguage":"fr-FR","potentialAction":[{"@type":"ReadAction","target":["https://usta.bf/?page_id=79"]}]},{"@type":"BreadcrumbList","@id":"https://usta.bf/?page_id=79#breadcrumb","itemListElement":[{"@type":"ListItem","position":1,"name":"Accueil","item":"https://usta.bf/"},{"@type":"ListItem","position":2,"name":"L’Institut supérieur des métiers du tertiaire"}]},{"@type":"WebSite","@id":"https://usta.bf/#website","url":"https://usta.bf/","name":"Université Saint Thomas D&#039;Aquin","description":"Veritas - Fides- Scientia","publisher":{"@id":"https://usta.bf/#organization"},"potentialAction":[{"@type":"SearchAction","target":{"@type":"EntryPoint","urlTemplate":"https://usta.bf/?s={search_term_string}"},"query-input":{"@type":"PropertyValueSpecification","valueRequired":true,"valueName":"search_term_string"}}],"inLanguage":"fr-FR"},{"@type":"Organization","@id":"https://usta.bf/#organization","name":"Université Saint Thomas D&#039;Aquin","url":"https://usta.bf/","logo":{"@type":"ImageObject","inLanguage":"fr-FR","@id":"https://usta.bf/#/schema/logo/image/","url":"https://usta.bf/wp-content/uploads/2022/07/cropped-logo_site_web_beta2.fw_.png","contentUrl":"https://usta.bf/wp-content/uploads/2022/07/cropped-logo_site_web_beta2.fw_.png","width":460,"height":126,"caption":"Université Saint Thomas D&#039;Aquin  "},"image":{"@id":"https://usta.bf/#/schema/logo/image/"},"sameAs":["https://www.facebook.com/USTA/","https://x.com/ustabf"]}]}</script>
<!-- / Yoast SEO plugin. -->

L’Institut supérieur des métiers du tertiaire - Université Saint Thomas D&#039;Aquin

Mission et objectifs L’Institut supérieur des métiers du tertiaire (ISMT) a ouvert ses portes en octobre 2004. Il a pour vocation fondamentale la formation des cadres moyens et supérieurs dans les métiers du tertiaire pour les secteurs public et privé. Il contribue en outre, à leur formation permanente et à leur adaptation à l’évolution scientifique, [&hellip;]

Université Saint Thomas D&#039;Aquin
