{"id":877,"date":"2022-07-11T04:45:59","date_gmt":"2022-07-11T04:45:59","guid":{"rendered":"https:\/\/usta.bf\/?page_id=877"},"modified":"2022-07-11T04:46:21","modified_gmt":"2022-07-11T04:46:21","slug":"presentation","status":"publish","type":"page","link":"https:\/\/usta.bf\/?page_id=877","title":{"rendered":"Pr\u00e9sentation"},"content":{"rendered":"<p>L\u2019Universit\u00e9 Saint Thomas d\u2019Aquin (USTA) est un \u00e9tablissement priv\u00e9 catholique d\u2019enseignement sup\u00e9rieur.<\/p>\n<p>Sa cr\u00e9ation, soutenue par les pouvoirs publics et la communaut\u00e9 scientifique burkinab\u00e8, est une r\u00e9ponse aux recommandations fortes des Assises nationales de l\u2019Enseignement catholique de 1996 en faveur d\u2019un engagement de l\u2019\u00c9glise dans le domaine de l\u2019enseignement sup\u00e9rieur. Le projet de cr\u00e9ation fut conduit, de 2001 \u00e0 2003, par une commission mise en place par le Secr\u00e9tariat national de l\u2019\u00e9ducation catholique (SNEC), regroupant des la\u00efcs et des hommes d\u2019\u00c9glise.<\/p>\n<p>Son ouverture en octobre 2004 a \u00e9t\u00e9 autoris\u00e9e par l\u2019Arr\u00eat\u00e9 n\u00b02004-141\/MESSRS\/SG\/DGESRS\/DES du 20 juillet 2004, portant autorisation d\u2019ouverture d\u2019un \u00e9tablissement d\u2019enseignement sup\u00e9rieur.<\/p>\n<p>Elle compte \u00e0 ce jour sept (07) \u00e9tablissements \u00e0 travers lesquels elle offre des formations adapt\u00e9es aux besoins des \u00e9tudiants.<\/p>\n<ul>\n<li><strong>Mission<\/strong><\/li>\n<\/ul>\n<p>Contribuer par l\u2019enseignement sup\u00e9rieur et la recherche \u00e0 la formation de cadres qualifi\u00e9s et comp\u00e9tents.<\/p>\n<ul>\n<li><strong>Objectifs<\/strong><\/li>\n<\/ul>\n<ul>\n<li>R\u00e9ussir l\u2019excellence dans l\u2019enseignement et la recherche, le savoir-faire et le savoir \u00eatre\u00a0;<\/li>\n<li>Promouvoir le d\u00e9veloppement national par l\u2019enseignement et la recherche\u00a0;<\/li>\n<li>Former dans les domaines autoris\u00e9s des cadres comp\u00e9tents, consciencieux et d\u00e9vou\u00e9s\u00a0;<\/li>\n<li>Renforcer les capacit\u00e9s de l\u2019\u00c9glise \u00e0 promouvoir les nobles aspirations des communaut\u00e9s nationales, africaines et internationales.<\/li>\n<\/ul>\n","protected":false},"excerpt":{"rendered":"<p>L\u2019Universit\u00e9 Saint Thomas d\u2019Aquin (USTA) est un \u00e9tablissement priv\u00e9 catholique d\u2019enseignement sup\u00e9rieur. Sa cr\u00e9ation, soutenue par les pouvoirs publics et la communaut\u00e9 scientifique burkinab\u00e8, est une r\u00e9ponse aux recommandations fortes des Assises nationales de l\u2019Enseignement catholique de 1996 en faveur d\u2019un engagement de l\u2019\u00c9glise dans le domaine de l\u2019enseignement sup\u00e9rieur. Le projet de cr\u00e9ation fut [&hellip;]<\/p>\n","protected":false},"author":1,"featured_media":0,"parent":0,"menu_order":0,"comment_status":"closed","ping_status":"closed","template":"","meta":{"footnotes":""},"class_list":["post-877","page","type-page","status-publish","hentry"],"yoast_head":"<!-- This site is optimized with the Yoast SEO plugin v26.0 - https:\/\/yoast.com\/wordpress\/plugins\/seo\/ -->\n<title>Pr\u00e9sentation - Universit\u00e9 Saint Thomas D&#039;Aquin<\/title>\n<meta name=\"robots\" content=\"index, follow, max-snippet:-1, max-image-preview:large, max-video-preview:-1\" \/>\n<link rel=\"canonical\" href=\"https:\/\/usta.bf\/?page_id=877\" \/>\n<meta property=\"og:locale\" content=\"fr_FR\" \/>\n<meta property=\"og:type\" content=\"article\" \/>\n<meta property=\"og:title\" content=\"Pr\u00e9sentation - Universit\u00e9 Saint Thomas D&#039;Aquin\" \/>\n<meta property=\"og:description\" content=\"L\u2019Universit\u00e9 Saint Thomas d\u2019Aquin (USTA) est un \u00e9tablissement priv\u00e9 catholique d\u2019enseignement sup\u00e9rieur. Sa cr\u00e9ation, soutenue par les pouvoirs publics et la communaut\u00e9 scientifique burkinab\u00e8, est une r\u00e9ponse aux recommandations fortes des Assises nationales de l\u2019Enseignement catholique de 1996 en faveur d\u2019un engagement de l\u2019\u00c9glise dans le domaine de l\u2019enseignement sup\u00e9rieur. Le projet de cr\u00e9ation fut [&hellip;]\" \/>\n<meta property=\"og:url\" content=\"https:\/\/usta.bf\/?page_id=877\" \/>\n<meta property=\"og:site_name\" content=\"Universit\u00e9 Saint Thomas D&#039;Aquin\" \/>\n<meta property=\"article:publisher\" content=\"https:\/\/www.facebook.com\/USTA\/\" \/>\n<meta property=\"article:modified_time\" content=\"2022-07-11T04:46:21+00:00\" \/>\n<meta name=\"twitter:card\" content=\"summary_large_image\" \/>\n<meta name=\"twitter:site\" content=\"@ustabf\" \/>\n<meta name=\"twitter:label1\" content=\"Dur\u00e9e de lecture estim\u00e9e\" \/>\n\t<meta name=\"twitter:data1\" content=\"1 minute\" \/>\n<script type=\"application\/ld+json\" class=\"yoast-schema-graph\">{\"@context\":\"https:\/\/schema.org\",\"@graph\":[{\"@type\":\"WebPage\",\"@id\":\"https:\/\/usta.bf\/?page_id=877\",\"url\":\"https:\/\/usta.bf\/?page_id=877\",\"name\":\"Pr\u00e9sentation - Universit\u00e9 Saint Thomas D&#039;Aquin\",\"isPartOf\":{\"@id\":\"https:\/\/usta.bf\/#website\"},\"datePublished\":\"2022-07-11T04:45:59+00:00\",\"dateModified\":\"2022-07-11T04:46:21+00:00\",\"breadcrumb\":{\"@id\":\"https:\/\/usta.bf\/?page_id=877#breadcrumb\"},\"inLanguage\":\"fr-FR\",\"potentialAction\":[{\"@type\":\"ReadAction\",\"target\":[\"https:\/\/usta.bf\/?page_id=877\"]}]},{\"@type\":\"BreadcrumbList\",\"@id\":\"https:\/\/usta.bf\/?page_id=877#breadcrumb\",\"itemListElement\":[{\"@type\":\"ListItem\",\"position\":1,\"name\":\"Accueil\",\"item\":\"https:\/\/usta.bf\/\"},{\"@type\":\"ListItem\",\"position\":2,\"name\":\"Pr\u00e9sentation\"}]},{\"@type\":\"WebSite\",\"@id\":\"https:\/\/usta.bf\/#website\",\"url\":\"https:\/\/usta.bf\/\",\"name\":\"Universit\u00e9 Saint Thomas D&#039;Aquin\",\"description\":\"Veritas - Fides- Scientia\",\"publisher\":{\"@id\":\"https:\/\/usta.bf\/#organization\"},\"potentialAction\":[{\"@type\":\"SearchAction\",\"target\":{\"@type\":\"EntryPoint\",\"urlTemplate\":\"https:\/\/usta.bf\/?s={search_term_string}\"},\"query-input\":{\"@type\":\"PropertyValueSpecification\",\"valueRequired\":true,\"valueName\":\"search_term_string\"}}],\"inLanguage\":\"fr-FR\"},{\"@type\":\"Organization\",\"@id\":\"https:\/\/usta.bf\/#organization\",\"name\":\"Universit\u00e9 Saint Thomas D&#039;Aquin\",\"url\":\"https:\/\/usta.bf\/\",\"logo\":{\"@type\":\"ImageObject\",\"inLanguage\":\"fr-FR\",\"@id\":\"https:\/\/usta.bf\/#\/schema\/logo\/image\/\",\"url\":\"https:\/\/usta.bf\/wp-content\/uploads\/2022\/07\/cropped-logo_site_web_beta2.fw_.png\",\"contentUrl\":\"https:\/\/usta.bf\/wp-content\/uploads\/2022\/07\/cropped-logo_site_web_beta2.fw_.png\",\"width\":460,\"height\":126,\"caption\":\"Universit\u00e9 Saint Thomas D&#039;Aquin  \"},\"image\":{\"@id\":\"https:\/\/usta.bf\/#\/schema\/logo\/image\/\"},\"sameAs\":[\"https:\/\/www.facebook.com\/USTA\/\",\"https:\/\/x.com\/ustabf\"]}]}<\/script>\n<!-- \/ Yoast SEO plugin. -->","yoast_head_json":{"title":"Pr\u00e9sentation - Universit\u00e9 Saint Thomas D&#039;Aquin","robots":{"index":"index","follow":"follow","max-snippet":"max-snippet:-1","max-image-preview":"max-image-preview:large","max-video-preview":"max-video-preview:-1"},"canonical":"https:\/\/usta.bf\/?page_id=877","og_locale":"fr_FR","og_type":"article","og_title":"Pr\u00e9sentation - Universit\u00e9 Saint Thomas D&#039;Aquin","og_description":"L\u2019Universit\u00e9 Saint Thomas d\u2019Aquin (USTA) est un \u00e9tablissement priv\u00e9 catholique d\u2019enseignement sup\u00e9rieur. Sa cr\u00e9ation, soutenue par les pouvoirs publics et la communaut\u00e9 scientifique burkinab\u00e8, est une r\u00e9ponse aux recommandations fortes des Assises nationales de l\u2019Enseignement catholique de 1996 en faveur d\u2019un engagement de l\u2019\u00c9glise dans le domaine de l\u2019enseignement sup\u00e9rieur. Le projet de cr\u00e9ation fut [&hellip;]","og_url":"https:\/\/usta.bf\/?page_id=877","og_site_name":"Universit\u00e9 Saint Thomas D&#039;Aquin","article_publisher":"https:\/\/www.facebook.com\/USTA\/","article_modified_time":"2022-07-11T04:46:21+00:00","twitter_card":"summary_large_image","twitter_site":"@ustabf","twitter_misc":{"Dur\u00e9e de lecture estim\u00e9e":"1 minute"},"schema":{"@context":"https:\/\/schema.org","@graph":[{"@type":"WebPage","@id":"https:\/\/usta.bf\/?page_id=877","url":"https:\/\/usta.bf\/?page_id=877","name":"Pr\u00e9sentation - Universit\u00e9 Saint Thomas D&#039;Aquin","isPartOf":{"@id":"https:\/\/usta.bf\/#website"},"datePublished":"2022-07-11T04:45:59+00:00","dateModified":"2022-07-11T04:46:21+00:00","breadcrumb":{"@id":"https:\/\/usta.bf\/?page_id=877#breadcrumb"},"inLanguage":"fr-FR","potentialAction":[{"@type":"ReadAction","target":["https:\/\/usta.bf\/?page_id=877"]}]},{"@type":"BreadcrumbList","@id":"https:\/\/usta.bf\/?page_id=877#breadcrumb","itemListElement":[{"@type":"ListItem","position":1,"name":"Accueil","item":"https:\/\/usta.bf\/"},{"@type":"ListItem","position":2,"name":"Pr\u00e9sentation"}]},{"@type":"WebSite","@id":"https:\/\/usta.bf\/#website","url":"https:\/\/usta.bf\/","name":"Universit\u00e9 Saint Thomas D&#039;Aquin","description":"Veritas - Fides- Scientia","publisher":{"@id":"https:\/\/usta.bf\/#organization"},"potentialAction":[{"@type":"SearchAction","target":{"@type":"EntryPoint","urlTemplate":"https:\/\/usta.bf\/?s={search_term_string}"},"query-input":{"@type":"PropertyValueSpecification","valueRequired":true,"valueName":"search_term_string"}}],"inLanguage":"fr-FR"},{"@type":"Organization","@id":"https:\/\/usta.bf\/#organization","name":"Universit\u00e9 Saint Thomas D&#039;Aquin","url":"https:\/\/usta.bf\/","logo":{"@type":"ImageObject","inLanguage":"fr-FR","@id":"https:\/\/usta.bf\/#\/schema\/logo\/image\/","url":"https:\/\/usta.bf\/wp-content\/uploads\/2022\/07\/cropped-logo_site_web_beta2.fw_.png","contentUrl":"https:\/\/usta.bf\/wp-content\/uploads\/2022\/07\/cropped-logo_site_web_beta2.fw_.png","width":460,"height":126,"caption":"Universit\u00e9 Saint Thomas D&#039;Aquin  "},"image":{"@id":"https:\/\/usta.bf\/#\/schema\/logo\/image\/"},"sameAs":["https:\/\/www.facebook.com\/USTA\/","https:\/\/x.com\/ustabf"]}]}},"_links":{"self":[{"href":"https:\/\/usta.bf\/index.php?rest_route=\/wp\/v2\/pages\/877","targetHints":{"allow":["GET"]}}],"collection":[{"href":"https:\/\/usta.bf\/index.php?rest_route=\/wp\/v2\/pages"}],"about":[{"href":"https:\/\/usta.bf\/index.php?rest_route=\/wp\/v2\/types\/page"}],"author":[{"embeddable":true,"href":"https:\/\/usta.bf\/index.php?rest_route=\/wp\/v2\/users\/1"}],"replies":[{"embeddable":true,"href":"https:\/\/usta.bf\/index.php?rest_route=%2Fwp%2Fv2%2Fcomments&post=877"}],"version-history":[{"count":0,"href":"https:\/\/usta.bf\/index.php?rest_route=\/wp\/v2\/pages\/877\/revisions"}],"wp:attachment":[{"href":"https:\/\/usta.bf\/index.php?rest_route=%2Fwp%2Fv2%2Fmedia&parent=877"}],"curies":[{"name":"wp","href":"https:\/\/api.w.org\/{rel}","templated":true}]}}