{"id":886,"date":"2022-07-11T04:50:24","date_gmt":"2022-07-11T04:50:24","guid":{"rendered":"https:\/\/usta.bf\/?page_id=886"},"modified":"2022-07-11T04:50:24","modified_gmt":"2022-07-11T04:50:24","slug":"directions-et-services-2","status":"publish","type":"page","link":"https:\/\/usta.bf\/?page_id=886","title":{"rendered":"Directions et services"},"content":{"rendered":"<p>L\u2019administration de l\u2019USTA est anim\u00e9e par un personnel r\u00e9parti dans les diff\u00e9rents directions et services qui sont\u00a0:<\/p>\n<ul>\n<li>Le Rectorat\u00a0;<\/li>\n<li>Le Vice-rectorat\u00a0;<\/li>\n<li>Le Secr\u00e9tariat g\u00e9n\u00e9ral\u00a0;<\/li>\n<li>Les d\u00e9canats des \u00e9tablissements<\/li>\n<li>La Direction de l\u2019administration financi\u00e8re et comptable\u00a0;<\/li>\n<li>La Direction des affaires acad\u00e9miques et scolaires\u00a0;<\/li>\n<li>La Biblioth\u00e8que universitaire centrale\u00a0;<\/li>\n<li>L\u2019Aum\u00f4nerie\u00a0;<\/li>\n<li>Le Service de la communication\u00a0;<\/li>\n<li>Le Service des ressources humaines\u00a0;<\/li>\n<li>Le Service comptable et financier\u00a0;<\/li>\n<li>Le Service administratif et logistique\u00a0;<\/li>\n<li>Le Service informatique\u00a0;<\/li>\n<li>Le Service de gestion de la r\u00e9sidence universitaire\u00a0;<\/li>\n<li>Le Service de s\u00e9curit\u00e9.<\/li>\n<\/ul>\n","protected":false},"excerpt":{"rendered":"<p>L\u2019administration de l\u2019USTA est anim\u00e9e par un personnel r\u00e9parti dans les diff\u00e9rents directions et services qui sont\u00a0: Le Rectorat\u00a0; Le Vice-rectorat\u00a0; Le Secr\u00e9tariat g\u00e9n\u00e9ral\u00a0; Les d\u00e9canats des \u00e9tablissements La Direction de l\u2019administration financi\u00e8re et comptable\u00a0; La Direction des affaires acad\u00e9miques et scolaires\u00a0; La Biblioth\u00e8que universitaire centrale\u00a0; L\u2019Aum\u00f4nerie\u00a0; Le Service de la communication\u00a0; Le Service des [&hellip;]<\/p>\n","protected":false},"author":1,"featured_media":0,"parent":0,"menu_order":0,"comment_status":"closed","ping_status":"closed","template":"","meta":{"footnotes":""},"class_list":["post-886","page","type-page","status-publish","hentry"],"yoast_head":"<!-- This site is optimized with the Yoast SEO plugin v26.0 - https:\/\/yoast.com\/wordpress\/plugins\/seo\/ -->\n<title>Directions et services - Universit\u00e9 Saint Thomas D&#039;Aquin<\/title>\n<meta name=\"robots\" content=\"index, follow, max-snippet:-1, max-image-preview:large, max-video-preview:-1\" \/>\n<link rel=\"canonical\" href=\"https:\/\/usta.bf\/?page_id=886\" \/>\n<meta property=\"og:locale\" content=\"fr_FR\" \/>\n<meta property=\"og:type\" content=\"article\" \/>\n<meta property=\"og:title\" content=\"Directions et services - Universit\u00e9 Saint Thomas D&#039;Aquin\" \/>\n<meta property=\"og:description\" content=\"L\u2019administration de l\u2019USTA est anim\u00e9e par un personnel r\u00e9parti dans les diff\u00e9rents directions et services qui sont\u00a0: Le Rectorat\u00a0; Le Vice-rectorat\u00a0; Le Secr\u00e9tariat g\u00e9n\u00e9ral\u00a0; Les d\u00e9canats des \u00e9tablissements La Direction de l\u2019administration financi\u00e8re et comptable\u00a0; La Direction des affaires acad\u00e9miques et scolaires\u00a0; La Biblioth\u00e8que universitaire centrale\u00a0; L\u2019Aum\u00f4nerie\u00a0; Le Service de la communication\u00a0; Le Service des [&hellip;]\" \/>\n<meta property=\"og:url\" content=\"https:\/\/usta.bf\/?page_id=886\" \/>\n<meta property=\"og:site_name\" content=\"Universit\u00e9 Saint Thomas D&#039;Aquin\" \/>\n<meta property=\"article:publisher\" content=\"https:\/\/www.facebook.com\/USTA\/\" \/>\n<meta name=\"twitter:card\" content=\"summary_large_image\" \/>\n<meta name=\"twitter:site\" content=\"@ustabf\" \/>\n<script type=\"application\/ld+json\" class=\"yoast-schema-graph\">{\"@context\":\"https:\/\/schema.org\",\"@graph\":[{\"@type\":\"WebPage\",\"@id\":\"https:\/\/usta.bf\/?page_id=886\",\"url\":\"https:\/\/usta.bf\/?page_id=886\",\"name\":\"Directions et services - Universit\u00e9 Saint Thomas D&#039;Aquin\",\"isPartOf\":{\"@id\":\"https:\/\/usta.bf\/#website\"},\"datePublished\":\"2022-07-11T04:50:24+00:00\",\"breadcrumb\":{\"@id\":\"https:\/\/usta.bf\/?page_id=886#breadcrumb\"},\"inLanguage\":\"fr-FR\",\"potentialAction\":[{\"@type\":\"ReadAction\",\"target\":[\"https:\/\/usta.bf\/?page_id=886\"]}]},{\"@type\":\"BreadcrumbList\",\"@id\":\"https:\/\/usta.bf\/?page_id=886#breadcrumb\",\"itemListElement\":[{\"@type\":\"ListItem\",\"position\":1,\"name\":\"Accueil\",\"item\":\"https:\/\/usta.bf\/\"},{\"@type\":\"ListItem\",\"position\":2,\"name\":\"Directions et services\"}]},{\"@type\":\"WebSite\",\"@id\":\"https:\/\/usta.bf\/#website\",\"url\":\"https:\/\/usta.bf\/\",\"name\":\"Universit\u00e9 Saint Thomas D&#039;Aquin\",\"description\":\"Veritas - Fides- Scientia\",\"publisher\":{\"@id\":\"https:\/\/usta.bf\/#organization\"},\"potentialAction\":[{\"@type\":\"SearchAction\",\"target\":{\"@type\":\"EntryPoint\",\"urlTemplate\":\"https:\/\/usta.bf\/?s={search_term_string}\"},\"query-input\":{\"@type\":\"PropertyValueSpecification\",\"valueRequired\":true,\"valueName\":\"search_term_string\"}}],\"inLanguage\":\"fr-FR\"},{\"@type\":\"Organization\",\"@id\":\"https:\/\/usta.bf\/#organization\",\"name\":\"Universit\u00e9 Saint Thomas D&#039;Aquin\",\"url\":\"https:\/\/usta.bf\/\",\"logo\":{\"@type\":\"ImageObject\",\"inLanguage\":\"fr-FR\",\"@id\":\"https:\/\/usta.bf\/#\/schema\/logo\/image\/\",\"url\":\"https:\/\/usta.bf\/wp-content\/uploads\/2022\/07\/cropped-logo_site_web_beta2.fw_.png\",\"contentUrl\":\"https:\/\/usta.bf\/wp-content\/uploads\/2022\/07\/cropped-logo_site_web_beta2.fw_.png\",\"width\":460,\"height\":126,\"caption\":\"Universit\u00e9 Saint Thomas D&#039;Aquin  \"},\"image\":{\"@id\":\"https:\/\/usta.bf\/#\/schema\/logo\/image\/\"},\"sameAs\":[\"https:\/\/www.facebook.com\/USTA\/\",\"https:\/\/x.com\/ustabf\"]}]}<\/script>\n<!-- \/ Yoast SEO plugin. -->","yoast_head_json":{"title":"Directions et services - Universit\u00e9 Saint Thomas D&#039;Aquin","robots":{"index":"index","follow":"follow","max-snippet":"max-snippet:-1","max-image-preview":"max-image-preview:large","max-video-preview":"max-video-preview:-1"},"canonical":"https:\/\/usta.bf\/?page_id=886","og_locale":"fr_FR","og_type":"article","og_title":"Directions et services - Universit\u00e9 Saint Thomas D&#039;Aquin","og_description":"L\u2019administration de l\u2019USTA est anim\u00e9e par un personnel r\u00e9parti dans les diff\u00e9rents directions et services qui sont\u00a0: Le Rectorat\u00a0; Le Vice-rectorat\u00a0; Le Secr\u00e9tariat g\u00e9n\u00e9ral\u00a0; Les d\u00e9canats des \u00e9tablissements La Direction de l\u2019administration financi\u00e8re et comptable\u00a0; La Direction des affaires acad\u00e9miques et scolaires\u00a0; La Biblioth\u00e8que universitaire centrale\u00a0; L\u2019Aum\u00f4nerie\u00a0; Le Service de la communication\u00a0; Le Service des [&hellip;]","og_url":"https:\/\/usta.bf\/?page_id=886","og_site_name":"Universit\u00e9 Saint Thomas D&#039;Aquin","article_publisher":"https:\/\/www.facebook.com\/USTA\/","twitter_card":"summary_large_image","twitter_site":"@ustabf","schema":{"@context":"https:\/\/schema.org","@graph":[{"@type":"WebPage","@id":"https:\/\/usta.bf\/?page_id=886","url":"https:\/\/usta.bf\/?page_id=886","name":"Directions et services - Universit\u00e9 Saint Thomas D&#039;Aquin","isPartOf":{"@id":"https:\/\/usta.bf\/#website"},"datePublished":"2022-07-11T04:50:24+00:00","breadcrumb":{"@id":"https:\/\/usta.bf\/?page_id=886#breadcrumb"},"inLanguage":"fr-FR","potentialAction":[{"@type":"ReadAction","target":["https:\/\/usta.bf\/?page_id=886"]}]},{"@type":"BreadcrumbList","@id":"https:\/\/usta.bf\/?page_id=886#breadcrumb","itemListElement":[{"@type":"ListItem","position":1,"name":"Accueil","item":"https:\/\/usta.bf\/"},{"@type":"ListItem","position":2,"name":"Directions et services"}]},{"@type":"WebSite","@id":"https:\/\/usta.bf\/#website","url":"https:\/\/usta.bf\/","name":"Universit\u00e9 Saint Thomas D&#039;Aquin","description":"Veritas - Fides- Scientia","publisher":{"@id":"https:\/\/usta.bf\/#organization"},"potentialAction":[{"@type":"SearchAction","target":{"@type":"EntryPoint","urlTemplate":"https:\/\/usta.bf\/?s={search_term_string}"},"query-input":{"@type":"PropertyValueSpecification","valueRequired":true,"valueName":"search_term_string"}}],"inLanguage":"fr-FR"},{"@type":"Organization","@id":"https:\/\/usta.bf\/#organization","name":"Universit\u00e9 Saint Thomas D&#039;Aquin","url":"https:\/\/usta.bf\/","logo":{"@type":"ImageObject","inLanguage":"fr-FR","@id":"https:\/\/usta.bf\/#\/schema\/logo\/image\/","url":"https:\/\/usta.bf\/wp-content\/uploads\/2022\/07\/cropped-logo_site_web_beta2.fw_.png","contentUrl":"https:\/\/usta.bf\/wp-content\/uploads\/2022\/07\/cropped-logo_site_web_beta2.fw_.png","width":460,"height":126,"caption":"Universit\u00e9 Saint Thomas D&#039;Aquin  "},"image":{"@id":"https:\/\/usta.bf\/#\/schema\/logo\/image\/"},"sameAs":["https:\/\/www.facebook.com\/USTA\/","https:\/\/x.com\/ustabf"]}]}},"_links":{"self":[{"href":"https:\/\/usta.bf\/index.php?rest_route=\/wp\/v2\/pages\/886","targetHints":{"allow":["GET"]}}],"collection":[{"href":"https:\/\/usta.bf\/index.php?rest_route=\/wp\/v2\/pages"}],"about":[{"href":"https:\/\/usta.bf\/index.php?rest_route=\/wp\/v2\/types\/page"}],"author":[{"embeddable":true,"href":"https:\/\/usta.bf\/index.php?rest_route=\/wp\/v2\/users\/1"}],"replies":[{"embeddable":true,"href":"https:\/\/usta.bf\/index.php?rest_route=%2Fwp%2Fv2%2Fcomments&post=886"}],"version-history":[{"count":0,"href":"https:\/\/usta.bf\/index.php?rest_route=\/wp\/v2\/pages\/886\/revisions"}],"wp:attachment":[{"href":"https:\/\/usta.bf\/index.php?rest_route=%2Fwp%2Fv2%2Fmedia&parent=886"}],"curies":[{"name":"wp","href":"https:\/\/api.w.org\/{rel}","templated":true}]}}